rue
Let q = 45301 - -150718. Is q a composite number?
True
Let i(n) = 54*n - 31. Let j(m) = 57*m - 33. Let d(q) = 5*i(q) - 4*j(q). Let r be (-5 - -2)*(2 + -5). Is d(r) prime?
False
Let r(p) = 17*p**3 - 17*p**2 - 108*p + 1325. Is r(15) prime?
False
Let z(b) = -3 + 19*b**2 - 21*b**2 + 212*b**3 + 274*b**3 - 184*b**3 + 3*b. Is z(2) a prime number?
True
Let j = 41 - 39. Suppose -7*o = -j*o - 1920. Let z = 299 + o. Is z a composite number?
False
Suppose -2*o = -5*b + 308731, -o - 12458 - 49287 = -b. Suppose 0 = 16*u + 20883 - b. Is u prime?
False
Let q = 429 + -440. Is (-15)/(q - -6)*2927 a composite number?
True
Let u = -34 + 39. Suppose -k = -u*o + 2500 + 1080, -692 = -o + 5*k. Let c = o + -424. Is c a composite number?
False
Suppose 17*m - 50 = -33. Is 12351 + -25 + -3*m a prime number?
True
Let g(l) = l - 6. Let o = -14 - -17. Let j be g(o). Let r(a) = 23*a**2 - 3*a - 7. Is r(j) a prime number?
False
Let c = 10 + 2. Let d be (8 - c)*(1 + -2). Suppose 6621 = d*z + 2329. Is z prime?
False
Let c(p) = -2*p**2 + 36*p + 10. Let y be c(16). Suppose q - 2100 = y. Is q a prime number?
False
Let f = -14001 - -65152. Is f a prime number?
True
Suppose 12771 = 47*i + 974. Suppose i*z = 243*z + 16136. Is z prime?
True
Let m(w) be the first derivative of 10*w**3/3 - 5*w**2/2 - 2*w - 1. Suppose 5*s - 2*s + 3*q = 21, -2*q + 4 = 0. Is m(s) a composite number?
False
Is (8/16)/1 + 569343/6 composite?
True
Suppose 5*z + 14*h - 14528 = 12*h, 0 = 5*z + 3*h - 14532. Suppose -4*m + z = -3*w + 35973, w + m - 11030 = 0. Is w composite?
False
Suppose -15*a + 12959 = -6271. Is a a composite number?
True
Let c(n) = -8*n**2 - 2233*n - 184. Is c(-191) prime?
True
Suppose -3*a + f + 234000 = 0, -5*a - 155986 = -7*a - 4*f. Is a composite?
False
Suppose -71*l + 68*l - 5*w + 115523 = 0, 4*w - 77018 = -2*l. Is l prime?
True
Suppose -5*a = 5*o - 246510, -2*a + 34*o - 32*o + 98584 = 0. Is a a composite number?
False
Suppose 0 = 24*c - 13*c - 94391. Suppose 0 = -4*l + x + 5266 + 6188, -3*l = 4*x - c. Is l prime?
False
Let v be (12/20)/(-1) + (-56066)/(-10). Suppose -6*m + v = -1756. Suppose -2*p + 1007 = -m. Is p a prime number?
True
Let b(p) = -p**3 - p**2 + p + 1. Let v be b(-2). Suppose -2*l = -v + 7. Is l + 1011 + 2 - 2 a prime number?
True
Suppose 4*j - 2*j = -20. Let h(g) = 13*g**2 + 172*g - 35. Let i be h(-14). Is 10227/i + 4/j a composite number?
False
Let g(i) be the second derivative of -40*i**3 + 11*i**2/2 - 196*i. Is g(-1) a composite number?
False
Suppose 11*x - 53 = 112. Suppose 10*c + x*c = 71075. Is c prime?
True
Let l(a) = -2*a**3 + 258*a**2 + 348*a - 11. Is l(130) a composite number?
True
Suppose 4*s + 4*z - 12936 = 0, 0*z + 9698 = 3*s + z. Suppose s = 4*g - 2*y, -7*g - y = -3*g - 3238. Is g prime?
True
Let s = -209296 + 734985. Is s a prime number?
False
Let d = 1932 + 10705. Is d prime?
True
Suppose -2*z + 3*q = 3, 7*z - 2*z - 3*q = 6. Suppose -i = -3*u + 15, i + u = -z*i + 5. Suppose i = -4*m - 7*m + 25487. Is m composite?
True
Let h(v) = -1421*v**3 - 11*v**2 - 17*v + 111. Is h(-4) a prime number?
True
Suppose q - 42*b + 37*b = 37332, b + 186540 = 5*q. Is q a composite number?
False
Let z(q) = -q**3 + 5*q**2 - 4*q - 4. Let h = 1 - -3. Let f be z(h). Is ((-8)/12)/(f/2802) a prime number?
True
Let l(y) = 367*y**2 + 4*y - 31. Is l(-12) a prime number?
True
Is 396/(-165) + (-643927)/(-5) a composite number?
True
Suppose -719*y + 725*y = -21216. Let x = 6321 + y. Is x a composite number?
True
Let m(p) be the third derivative of -28*p**2 + 0 - 2/3*p**3 + 0*p - 43/24*p**4. Is m(-15) prime?
True
Suppose 4*z + f = 474835, 26*f - 25*f - 593544 = -5*z. Is z composite?
False
Suppose 3*s = -5*h - 7500 + 1074077, 0 = -2*h + 8. Is s composite?
False
Let t be 2/(-3)*(-3129357)/154. Suppose -2*i = -21*i + t. Is i prime?
False
Let y be 4/16 - 604/(-16). Suppose -5*v + 75637 = y*v. Is v a prime number?
True
Suppose 4*b - 206015 = -4*v + 216833, 0 = -2*v + 2*b + 211404. Is v prime?
False
Suppose -2*m + 192290 = 4*g, -5*g = -10*g + 5*m + 240370. Is g composite?
False
Let t = 19977 - 5216. Is t prime?
False
Let s(d) be the second derivative of 3*d**5/4 - 5*d**4/6 - 2*d**3 - 5*d**2 + 107*d + 2. Is s(7) a composite number?
False
Let j = 47 - 42. Let h = -4 + j. Is (-316 + -1)/(0 - h) prime?
True
Is (-4 - 0 - 2) + 122863 composite?
True
Suppose 9*f = -1972941 + 6857358. Is f a prime number?
True
Suppose 28*g - 180402 = 719546. Is g a composite number?
False
Suppose -6*l - 3785 - 7381 = 0. Let i = l - -2623. Suppose 7*x - x = i. Is x a prime number?
True
Suppose -4*r = 305*c - 301*c - 979760, -5*c + 2*r = -1224693. Is c prime?
True
Is ((-1)/(-5))/((-38)/(-8964770)) + -2 a prime number?
False
Let m = 374930 + -267395. Suppose m = 38*h - 181303. Is h composite?
True
Let x = -134 - -138. Suppose x*y + y + l - 368 = 0, 3*y = 4*l + 207. Suppose 69*a - y*a = -6772. Is a prime?
True
Suppose 2*r = 4*r - 45430. Suppose 9*q - 6*q + 4*w - r = 0, 2*q = 2*w + 15148. Is q prime?
True
Is (-9560642)/70*5/(-2) - (-10)/(-4) a composite number?
True
Let k = -118986 - -292193. Is k composite?
False
Let t(n) = 6080*n + 369. Is t(16) composite?
False
Let l = 484 - 488. Is 4609*(-2 - l)*(-1)/(-2) a composite number?
True
Let t be 10514/35 - 12/(-20). Let d(x) = x**3 - 3*x**2 - 3*x - 2. Let s be d(4). Suppose c = 3*l + t, -5*c - 7*l + 1545 = -s*l. Is c a prime number?
True
Suppose 4*j = -3*k + 50, 4*k = 2*j + 43 + 9. Is k/4*(-221612)/(-238) composite?
False
Suppose 53*y - 457509 = 14*y. Is y prime?
True
Let n = 39 - 136. Let r = n + 101. Is 0 - r/36*-3*3639 composite?
False
Let t(l) = -4*l - 2. Suppose -3*m - 2 = -3*j + 2*m, 5*j - 3*m + 2 = 0. Let r be t(j). Suppose b + 692 - 16702 = -5*h, 2*h - r*b - 6416 = 0. Is h prime?
True
Suppose 6 = 49*y - 52*y. Is (83 - 80)/(((-4)/454)/y) a composite number?
True
Suppose -40564 = j + 5*r, 3*j - 4*r + 40528 = 2*j. Is 3/(18/(-15)) + j/(-64) a prime number?
True
Suppose 28493808 = 4*l - 4*z, 1286249 = 2*l - 4*z - 12960659. Is 4/3 - l/(-150) a prime number?
True
Suppose -5*p = 24*p + 3*p. Suppose p = 118*f - 91*f - 34857. Is f composite?
False
Let a(l) be the third derivative of -l**6/120 + l**4/12 + 8461*l**3/6 + 3*l**2 + 5. Is a(0) a prime number?
True
Suppose 29*k - 104225 = -246*k. Is k composite?
False
Let c(v) = 4*v**3 - 7*v**2 - 8*v + 35. Suppose 2*j + p - 28 = 0, p + 4 - 18 = -j. Is c(j) composite?
True
Suppose -11*w - 351875 = -36*w. Suppose -15*i + w = 10*i. Is i prime?
True
Let o(m) = 3691*m**2 - 26*m - 59. Is o(-4) composite?
True
Let s(z) = 9*z**2 - z - 115. Let p be s(14). Is p/3 + (1 - -2) + -7 a composite number?
False
Let m be ((-106)/3 - 6)/(1/3). Let u = m + 485. Is u a prime number?
False
Let u = -552115 - -1744664. Is u composite?
False
Let h = 609860 - 382849. Is h composite?
False
Let v(c) = 1135*c**2 + 28*c - 116. Is v(5) prime?
False
Is (-769509)/(-18) - (-15)/6 composite?
True
Let n be 3/(-5) + (-2007)/(-45). Let p = 46 - n. Suppose -p*x - 106 = -4*x. Is x prime?
True
Let q(u) = 25072*u - 637. Is q(12) a prime number?
False
Let x be -7 - (-4 + 8 + -15). Suppose -3*i - 5880 = -7*i - 4*w, -5904 = -4*i + x*w. Is i a prime number?
False
Suppose -4*b + b - 24620 = -4*g, 3*g = 4*b + 32815. Let o = 12941 + b. Is o a composite number?
True
Suppose 2*s = -3*w - s + 208617, -3*s = 0. Is w prime?
True
Let g(u) = -u**2 - 15*u - 21. Let l be g(-13). Suppose 0 = l*h + 2*k - 6616, -4*k + 12 = -0. Let r = h + -873. Is r a prime number?
True
Suppose 3*p = -15*p. Suppose -20*q + 17*q + 4497 = p. Is q a prime number?
True
Let w = 13 - 8. Let i(n) = 82*n**2 - 9*n + 6 + 12*n - 77*n**2 + 3*n**3. Is i(w) prime?
True
Let j be (-2150*1)/(-5) + -1. Let d = -176 + j. Is d prime?
False
Suppose 4*v - 2041 = 2435. Let f = v - -2594. Is f composite?
True
Let h = 210272 + -40845. Is h prime?
True
Suppose -3*p = -1184 + 3668. Let j = p + 2675. Is j composite?
False
Let b(d) = 2*d**2 - 2*d - 10. Let y be b(5). Let p = y + -16. Suppose 0 = 4*g - 170 - p. Is g a composite number?
True
Let v = -102875 + 295818. Is v prime?
False
Suppose c - t - 256 = 0, -1220*c = -1219*c + 4*t - 291. Let o = 4 + 24. Suppose o*s - c = 27*s. Is s prime?
True
Suppose -28 = -2*a - 3*f, 5*f = -a + 4 + 3. Let v = -5 + a. Let j(x) = 61*x - 13. Is j(v) a prime number?
True
Let k = 252 + 6229. Is k a prime 